{"id":3477,"date":"2024-02-15T13:11:49","date_gmt":"2024-02-15T12:11:49","guid":{"rendered":"https:\/\/nikolaus-kopernikus-gymnasium.de\/nkgweb\/?page_id=3477"},"modified":"2024-02-15T15:08:45","modified_gmt":"2024-02-15T14:08:45","slug":"franzoesisch","status":"publish","type":"page","link":"https:\/\/nikolaus-kopernikus-gymnasium.de\/nkgweb\/index.php\/franzoesisch\/","title":{"rendered":"Franz\u00f6sisch"},"content":{"rendered":"\t\t<div data-elementor-type=\"wp-page\" data-elementor-id=\"3477\" class=\"elementor elementor-3477\">\n\t\t\t\t\t\t<section class=\"elementor-section elementor-top-section elementor-element elementor-element-f564c58 elementor-section-boxed elementor-section-height-default elementor-section-height-default\" data-id=\"f564c58\" data-element_type=\"section\" data-e-type=\"section\">\n\t\t\t\t\t\t<div class=\"elementor-container elementor-column-gap-default\">\n\t\t\t\t\t<div class=\"elementor-column elementor-col-100 elementor-top-column elementor-element elementor-element-8712905\" data-id=\"8712905\" data-element_type=\"column\" data-e-type=\"column\">\n\t\t\t<div class=\"elementor-widget-wrap elementor-element-populated\">\n\t\t\t\t\t\t<div class=\"elementor-element elementor-element-365436f elementor-widget elementor-widget-heading\" data-id=\"365436f\" data-element_type=\"widget\" data-e-type=\"widget\" data-widget_type=\"heading.default\">\n\t\t\t\t<div class=\"elementor-widget-container\">\n\t\t\t\t\t<h2 class=\"elementor-heading-title elementor-size-default\">Franz\u00f6sisch<\/h2>\t\t\t\t<\/div>\n\t\t\t\t<\/div>\n\t\t\t\t\t<\/div>\n\t\t<\/div>\n\t\t\t\t\t<\/div>\n\t\t<\/section>\n\t\t\t\t<section class=\"elementor-section elementor-top-section elementor-element elementor-element-87d4c97 elementor-section-boxed elementor-section-height-default elementor-section-height-default\" data-id=\"87d4c97\" data-element_type=\"section\" data-e-type=\"section\">\n\t\t\t\t\t\t<div class=\"elementor-container elementor-column-gap-default\">\n\t\t\t\t\t<div class=\"elementor-column elementor-col-100 elementor-top-column elementor-element elementor-element-0636dd6\" data-id=\"0636dd6\" data-element_type=\"column\" data-e-type=\"column\">\n\t\t\t<div class=\"elementor-widget-wrap elementor-element-populated\">\n\t\t\t\t\t\t<div class=\"elementor-element elementor-element-393b0f9 elementor-widget elementor-widget-text-editor\" data-id=\"393b0f9\" data-element_type=\"widget\" data-e-type=\"widget\" data-widget_type=\"text-editor.default\">\n\t\t\t\t<div class=\"elementor-widget-container\">\n\t\t\t\t\t\t\t\t\t<p><strong>Warum Franz\u00f6sisch lernen? &#8211; Franz\u00f6sisch ist eine Weltsprache! <\/strong>Franz\u00f6sisch ist neben Englisch die zweite globale Verkehrssprache in unserer Welt. In \u00fcber 30 Staaten der Welt ist Franz\u00f6sisch Amtssprache. In vielen L\u00e4ndern \u2013 auch au\u00dferhalb Europas \u2013 kommt man am besten weiter, wenn man die Weltsprache Franz\u00f6sisch spricht. Denn 100 Millionen Menschen sind Muttersprachler in Franz\u00f6sisch, insgesamt sprechen ca. 370 Millionen Menschen Franz\u00f6sisch.<\/p>\t\t\t\t\t\t\t\t<\/div>\n\t\t\t\t<\/div>\n\t\t\t\t\t<\/div>\n\t\t<\/div>\n\t\t\t\t\t<\/div>\n\t\t<\/section>\n\t\t\t\t<section class=\"elementor-section elementor-top-section elementor-element elementor-element-93ab1b5 elementor-section-boxed elementor-section-height-default elementor-section-height-default\" data-id=\"93ab1b5\" data-element_type=\"section\" data-e-type=\"section\" data-settings=\"{&quot;background_background&quot;:&quot;classic&quot;}\">\n\t\t\t\t\t\t<div class=\"elementor-container elementor-column-gap-default\">\n\t\t\t\t\t<div class=\"elementor-column elementor-col-100 elementor-top-column elementor-element elementor-element-04ee972\" data-id=\"04ee972\" data-element_type=\"column\" data-e-type=\"column\">\n\t\t\t<div class=\"elementor-widget-wrap elementor-element-populated\">\n\t\t\t\t\t\t<div class=\"elementor-element elementor-element-e9e06ef elementor-widget elementor-widget-text-editor\" data-id=\"e9e06ef\" data-element_type=\"widget\" data-e-type=\"widget\" data-widget_type=\"text-editor.default\">\n\t\t\t\t<div class=\"elementor-widget-container\">\n\t\t\t\t\t\t\t\t\t<p><strong>Franz\u00f6sischkenntnisse als Vorteil auf dem Arbeitsmarkt: <\/strong>In den letzten Jahrzehnten haben Frankreich und Deutschland ihre gegenseitigen Handelsbeziehungen deutlich ausgebaut und sind heute f\u00fcreinander einer der jeweils gr\u00f6\u00dften Handelspartner. Aktuell sind \u00fcber 1 700 deutsche Unternehmen in Frankreich niedergelassen, dar\u00fcber hinaus sind 4 600 franz\u00f6sische Unternehmen in der Hand deutscher Investoren, welche mehr als 310 000 Mitarbeiter besch\u00e4ftigen.<\/p>\t\t\t\t\t\t\t\t<\/div>\n\t\t\t\t<\/div>\n\t\t\t\t\t<\/div>\n\t\t<\/div>\n\t\t\t\t\t<\/div>\n\t\t<\/section>\n\t\t\t\t<section class=\"elementor-section elementor-top-section elementor-element elementor-element-06f4a10 elementor-section-boxed elementor-section-height-default elementor-section-height-default\" data-id=\"06f4a10\" data-element_type=\"section\" data-e-type=\"section\">\n\t\t\t\t\t\t<div class=\"elementor-container elementor-column-gap-default\">\n\t\t\t\t\t<div class=\"elementor-column elementor-col-100 elementor-top-column elementor-element elementor-element-3d9a14c\" data-id=\"3d9a14c\" data-element_type=\"column\" data-e-type=\"column\">\n\t\t\t<div class=\"elementor-widget-wrap elementor-element-populated\">\n\t\t\t\t\t\t<div class=\"elementor-element elementor-element-f7d8d3a elementor-widget elementor-widget-text-editor\" data-id=\"f7d8d3a\" data-element_type=\"widget\" data-e-type=\"widget\" data-widget_type=\"text-editor.default\">\n\t\t\t\t<div class=\"elementor-widget-container\">\n\t\t\t\t\t\t\t\t\t<p><strong>Frankreich \u2013 Kulturnation und Urlaubsland vor unserer Haust\u00fcre: <\/strong>Franz\u00f6sisch ist nicht nur \u00abKarrierebaustein\u00bb, unser Nachbarland Frankreich ist eine gro\u00dfe Kulturnation. Franz\u00f6sische Literatur, Musik, Philosophie und Kunst begeistern ebenso wie die \u00fcberraschende Vielfalt der Landschaften. Ob am Meer oder in den Bergen, in Frankreich findet jeder etwas f\u00fcr seinen Geschmack. St\u00e4dte wie Paris, Lyon oder Marseille locken mit weltber\u00fchmten Museen und Festivals. Nicht ohne Grund machen jedes Jahr ca. 12 Millionen Deutsche Urlaub in Frankreich.<\/p>\t\t\t\t\t\t\t\t<\/div>\n\t\t\t\t<\/div>\n\t\t\t\t\t<\/div>\n\t\t<\/div>\n\t\t\t\t\t<\/div>\n\t\t<\/section>\n\t\t\t\t<section class=\"elementor-section elementor-top-section elementor-element elementor-element-6790566 elementor-section-boxed elementor-section-height-default elementor-section-height-default\" data-id=\"6790566\" data-element_type=\"section\" data-e-type=\"section\">\n\t\t\t\t\t\t<div class=\"elementor-container elementor-column-gap-default\">\n\t\t\t\t\t<div class=\"elementor-column elementor-col-100 elementor-top-column elementor-element elementor-element-a48dbcc\" data-id=\"a48dbcc\" data-element_type=\"column\" data-e-type=\"column\">\n\t\t\t<div class=\"elementor-widget-wrap elementor-element-populated\">\n\t\t\t\t\t\t<div class=\"elementor-element elementor-element-1b571bb elementor-widget elementor-widget-text-editor\" data-id=\"1b571bb\" data-element_type=\"widget\" data-e-type=\"widget\" data-widget_type=\"text-editor.default\">\n\t\t\t\t<div class=\"elementor-widget-container\">\n\t\t\t\t\t\t\t\t\t<p><strong>Franz\u00f6sisch baut Br\u00fccken in Europa: <\/strong>Die drei St\u00e4dte, in denen die Institutionen der europ\u00e4ischen Union angesiedelt sind, sind franz\u00f6sischsprachig: Stra\u00dfburg, Luxemburg und Br\u00fcssel. Deutschland und Frankreich sind der Motor eines vereinten Europas. Das Lernen des Franz\u00f6sischen ist daher auch eine europ\u00e4ische Geste. Frieden in Europa ist keine Selbstverst\u00e4ndlichkeit, sondern das Ergebnis von Kooperation, kulturellem Austausch und gegenseitiger Wertsch\u00e4tzung. So tr\u00e4gt das gegenseitige Lernen der Sprachen der Nachbarstaaten zur Verst\u00e4ndigung in Europa bei.<br \/>Und nicht zuletzt ist die franz\u00f6sische Sprache ein guter Ausgangspunkt f\u00fcr das Erlernen verwandter romanischer Sprachen wie Italienisch oder Spanisch. Aber auch der englische Wortschatz stammt in gro\u00dfen Teilen aus dem Franz\u00f6sischen.<\/p>\t\t\t\t\t\t\t\t<\/div>\n\t\t\t\t<\/div>\n\t\t\t\t\t<\/div>\n\t\t<\/div>\n\t\t\t\t\t<\/div>\n\t\t<\/section>\n\t\t\t\t<section class=\"elementor-section elementor-top-section elementor-element elementor-element-54b24ed elementor-section-boxed elementor-section-height-default elementor-section-height-default\" data-id=\"54b24ed\" data-element_type=\"section\" data-e-type=\"section\">\n\t\t\t\t\t\t<div class=\"elementor-container elementor-column-gap-default\">\n\t\t\t\t\t<div class=\"elementor-column elementor-col-100 elementor-top-column elementor-element elementor-element-3ab5489\" data-id=\"3ab5489\" data-element_type=\"column\" data-e-type=\"column\">\n\t\t\t<div class=\"elementor-widget-wrap elementor-element-populated\">\n\t\t\t\t\t\t<div class=\"elementor-element elementor-element-fb66bf2 elementor-widget elementor-widget-text-editor\" data-id=\"fb66bf2\" data-element_type=\"widget\" data-e-type=\"widget\" data-widget_type=\"text-editor.default\">\n\t\t\t\t<div class=\"elementor-widget-container\">\n\t\t\t\t\t\t\t\t\t<p><strong>Sch\u00fcleraustausch am NKG mit dem Lyc\u00e9e Lacassagne in Lyon: <\/strong>Alle zwei Jahre k\u00f6nnen Sch\u00fclerinnen und Sch\u00fcler der 9. bis 11.Klassen an unserem Sch\u00fcleraustausch mit Lyon teilnehmen. Die Partnerschaft mit dem Lyc\u00e9e Lacassagne besteht seit \u00fcber vierzig Jahren. Den Alltag in einer franz\u00f6sischen Schule und in der Gastfamilie kennenzulernen ist eine besondere Erfahrung, und Lyon bietet zudem viele interessante Besichtigungsziele. Zu der Woche in Frankreich kommt dann die Woche in Wei\u00dfenhorn in der deutschen Familie zusammen mit dem\/der Austauschpartner(in).<br \/>Wenn unsere Sch\u00fcler\/innen mehrere Wochen oder gar Monate in Frankreich verbringen wollen, unterst\u00fctzen wir sie dabei, sich bei Individualaustauschprogrammen wie dem Brigitte-Sauzay-Programm oder dem Voltaire-Programm zu bewerben.<\/p>\t\t\t\t\t\t\t\t<\/div>\n\t\t\t\t<\/div>\n\t\t\t\t\t<\/div>\n\t\t<\/div>\n\t\t\t\t\t<\/div>\n\t\t<\/section>\n\t\t\t\t<section class=\"elementor-section elementor-top-section elementor-element elementor-element-12550ba elementor-section-boxed elementor-section-height-default elementor-section-height-default\" data-id=\"12550ba\" data-element_type=\"section\" data-e-type=\"section\">\n\t\t\t\t\t\t<div class=\"elementor-container elementor-column-gap-default\">\n\t\t\t\t\t<div class=\"elementor-column elementor-col-100 elementor-top-column elementor-element elementor-element-197e77e\" data-id=\"197e77e\" data-element_type=\"column\" data-e-type=\"column\">\n\t\t\t<div class=\"elementor-widget-wrap elementor-element-populated\">\n\t\t\t\t\t\t<div class=\"elementor-element elementor-element-72295ad elementor-widget elementor-widget-wpzoom-elementor-addons-carousel\" data-id=\"72295ad\" data-element_type=\"widget\" data-e-type=\"widget\" data-settings=\"{&quot;slides_to_show&quot;:&quot;3&quot;,&quot;animation_speed&quot;:300,&quot;autoplay&quot;:&quot;yes&quot;,&quot;autoplay_speed&quot;:3000,&quot;loop&quot;:&quot;yes&quot;,&quot;navigation&quot;:&quot;arrow&quot;,&quot;slides_to_show_tablet&quot;:3,&quot;slides_to_show_mobile&quot;:2}\" data-widget_type=\"wpzoom-elementor-addons-carousel.default\">\n\t\t\t\t<div class=\"elementor-widget-container\">\n\t\t\t\t\t<div class=\"wpzjs-slick wpz-slick wpz-slick--carousel\">\n\n\t\t\t\n\t\t\t\t<div class=\"wpz-slick-slide\">\n\t\t\t\t\t<div class=\"wpz-slick-item\">\n\t\t\t\t\t\t\t\t\t\t\t\t\t<img decoding=\"async\" class=\"wpz-slick-img\" src=\"https:\/\/nikolaus-kopernikus-gymnasium.de\/nkgweb\/wp-content\/uploads\/Bild3-Franzoesisch.jpg\" alt=\"\">\n\t\t\t\t\t\t\n\t\t\t\t\t\t\t\t\t\t\t<\/div>\n\t\t\t\t<\/div>\n\n\t\t\t\n\t\t\t\t<div class=\"wpz-slick-slide\">\n\t\t\t\t\t<div class=\"wpz-slick-item\">\n\t\t\t\t\t\t\t\t\t\t\t\t\t<img decoding=\"async\" class=\"wpz-slick-img\" src=\"https:\/\/nikolaus-kopernikus-gymnasium.de\/nkgweb\/wp-content\/uploads\/Bild6-Franzoesisch.jpg\" alt=\"\">\n\t\t\t\t\t\t\n\t\t\t\t\t\t\t\t\t\t\t<\/div>\n\t\t\t\t<\/div>\n\n\t\t\t\n\t\t\t\t<div class=\"wpz-slick-slide\">\n\t\t\t\t\t<div class=\"wpz-slick-item\">\n\t\t\t\t\t\t\t\t\t\t\t\t\t<img decoding=\"async\" class=\"wpz-slick-img\" src=\"https:\/\/nikolaus-kopernikus-gymnasium.de\/nkgweb\/wp-content\/uploads\/Bild5-Franzoesisch.jpg\" alt=\"\">\n\t\t\t\t\t\t\n\t\t\t\t\t\t\t\t\t\t\t<\/div>\n\t\t\t\t<\/div>\n\n\t\t\t\n\t\t\t\t<div class=\"wpz-slick-slide\">\n\t\t\t\t\t<div class=\"wpz-slick-item\">\n\t\t\t\t\t\t\t\t\t\t\t\t\t<img decoding=\"async\" class=\"wpz-slick-img\" src=\"https:\/\/nikolaus-kopernikus-gymnasium.de\/nkgweb\/wp-content\/uploads\/Titelbild-Franzoesisch.jpg\" alt=\"\">\n\t\t\t\t\t\t\n\t\t\t\t\t\t\t\t\t\t\t<\/div>\n\t\t\t\t<\/div>\n\n\t\t\t\n\t\t\t\t<div class=\"wpz-slick-slide\">\n\t\t\t\t\t<div class=\"wpz-slick-item\">\n\t\t\t\t\t\t\t\t\t\t\t\t\t<img decoding=\"async\" class=\"wpz-slick-img\" src=\"https:\/\/nikolaus-kopernikus-gymnasium.de\/nkgweb\/wp-content\/uploads\/Bild7-Franzoesisch.jpg\" alt=\"\">\n\t\t\t\t\t\t\n\t\t\t\t\t\t\t\t\t\t\t<\/div>\n\t\t\t\t<\/div>\n\n\t\t\t\n\t\t<\/div>\n\n\t\t\t\t\t<button type=\"button\" class=\"slick-prev\"><i aria-hidden=\"true\" class=\"fas fa-chevron-left\"><\/i><\/button>\n\t\t\n\t\t\t\t\t<button type=\"button\" class=\"slick-next\"><i aria-hidden=\"true\" class=\"fas fa-chevron-right\"><\/i><\/button>\n\t\t\n\t\t\t\t\t\t<\/div>\n\t\t\t\t<\/div>\n\t\t\t\t\t<\/div>\n\t\t<\/div>\n\t\t\t\t\t<\/div>\n\t\t<\/section>\n\t\t\t\t<section class=\"elementor-section elementor-top-section elementor-element elementor-element-5de7ff2 elementor-section-boxed elementor-section-height-default elementor-section-height-default\" data-id=\"5de7ff2\" data-element_type=\"section\" data-e-type=\"section\">\n\t\t\t\t\t\t<div class=\"elementor-container elementor-column-gap-default\">\n\t\t\t\t\t<div class=\"elementor-column elementor-col-100 elementor-top-column elementor-element elementor-element-6a8f755\" data-id=\"6a8f755\" data-element_type=\"column\" data-e-type=\"column\">\n\t\t\t<div class=\"elementor-widget-wrap elementor-element-populated\">\n\t\t\t\t\t\t<div class=\"elementor-element elementor-element-2ef1828 elementor-widget elementor-widget-text-editor\" data-id=\"2ef1828\" data-element_type=\"widget\" data-e-type=\"widget\" data-widget_type=\"text-editor.default\">\n\t\t\t\t<div class=\"elementor-widget-container\">\n\t\t\t\t\t\t\t\t\t<p><strong>DELF scolaire am NKG: <\/strong>Das DELF scolaire ist eine internationale Sprachpr\u00fcfung zum Nachweis von Franz\u00f6sischkenntnissen. Das Delf-Zertifikat ist standardisiert und weltweit anerkannt. Bei uns am NKG k\u00f6nnen die Sch\u00fcler\/innen seit vielen Jahren am Ende der 10.Klasse das Delf scolaire ablegen. Bei den Pr\u00fcfungen werden die vier Grundkompetenzen H\u00f6rverstehen, Leseverstehen, m\u00fcndliche und schriftliche Ausdrucksf\u00e4higkeit getestet.<\/p><p>Die Vorteile des DELF scolaire:<\/p><ul><li>Mit DELF lernt man fr\u00fchzeitig eine echte Pr\u00fcfungssituation kennen.<\/li><li>Mit DELF erh\u00e4lt man ein international anerkanntes Sprachzertifikat.<\/li><li>DELF ist ein Trumpf im Lebenslauf (Studium, Praktikum, Auslandseinsatz).<\/li><\/ul>\t\t\t\t\t\t\t\t<\/div>\n\t\t\t\t<\/div>\n\t\t\t\t\t<\/div>\n\t\t<\/div>\n\t\t\t\t\t<\/div>\n\t\t<\/section>\n\t\t\t\t<section class=\"elementor-section elementor-top-section elementor-element elementor-element-906ad6b elementor-section-boxed elementor-section-height-default elementor-section-height-default\" data-id=\"906ad6b\" data-element_type=\"section\" data-e-type=\"section\">\n\t\t\t\t\t\t<div class=\"elementor-container elementor-column-gap-default\">\n\t\t\t\t\t<div class=\"elementor-column elementor-col-50 elementor-top-column elementor-element elementor-element-53fcad6\" data-id=\"53fcad6\" data-element_type=\"column\" data-e-type=\"column\">\n\t\t\t<div class=\"elementor-widget-wrap elementor-element-populated\">\n\t\t\t\t\t\t<div class=\"elementor-element elementor-element-ec52215 elementor-widget__width-initial elementor-widget elementor-widget-text-editor\" data-id=\"ec52215\" data-element_type=\"widget\" data-e-type=\"widget\" data-widget_type=\"text-editor.default\">\n\t\t\t\t<div class=\"elementor-widget-container\">\n\t\t\t\t\t\t\t\t\t<p><strong>Interessante Links: <\/strong><\/p><p>Franz\u00f6sische Zeitungen und Zeitschriften:<\/p><ul><li><a href=\"https:\/\/www.lemonde.fr\/\">https:\/\/www.lemonde.fr\/<\/a><\/li><li><a href=\"https:\/\/www.lexpress.fr\/\">https:\/\/www.lexpress.fr\/<\/a><\/li><\/ul><p>Franz\u00f6sische Fernsehsender:<\/p><ul><li><a href=\"http:\/\/www.tv5monde.com\/\">http:\/\/www.tv5monde.com\/<\/a><\/li><li><a href=\"https:\/\/www.arte.tv\/de\/\">https:\/\/www.arte.tv\/de\/<\/a><\/li><\/ul><p>Lernapps:<\/p><ul><li><a href=\"https:\/\/kahoot.com\/schools-u\/\">https:\/\/kahoot.com\/schools-u\/<\/a><\/li><li><a href=\"https:\/\/learningapps.org\/\">https:\/\/learningapps.org\/<\/a><\/li><li><a href=\"https:\/\/dict.leo.org\/franz%C3%B6sisch-deutsch\/\">https:\/\/dict.leo.org\/franz%C3%B6sisch-deutsch\/<\/a><\/li><\/ul><p>\u00a0<\/p>\t\t\t\t\t\t\t\t<\/div>\n\t\t\t\t<\/div>\n\t\t\t\t\t<\/div>\n\t\t<\/div>\n\t\t\t\t<div class=\"elementor-column elementor-col-50 elementor-top-column elementor-element elementor-element-d5a9d1f\" data-id=\"d5a9d1f\" data-element_type=\"column\" data-e-type=\"column\">\n\t\t\t<div class=\"elementor-widget-wrap elementor-element-populated\">\n\t\t\t\t\t\t<div class=\"elementor-element elementor-element-a283afd elementor-widget__width-initial elementor-widget elementor-widget-image\" data-id=\"a283afd\" data-element_type=\"widget\" data-e-type=\"widget\" data-widget_type=\"image.default\">\n\t\t\t\t<div class=\"elementor-widget-container\">\n\t\t\t\t\t\t\t\t\t\t\t\t\t\t\t<img fetchpriority=\"high\" decoding=\"async\" width=\"377\" height=\"565\" src=\"https:\/\/nikolaus-kopernikus-gymnasium.de\/nkgweb\/wp-content\/uploads\/Bild2-Franzoesisch.jpg\" class=\"attachment-large size-large wp-image-3481\" alt=\"\" srcset=\"https:\/\/nikolaus-kopernikus-gymnasium.de\/nkgweb\/wp-content\/uploads\/Bild2-Franzoesisch.jpg 377w, https:\/\/nikolaus-kopernikus-gymnasium.de\/nkgweb\/wp-content\/uploads\/Bild2-Franzoesisch-200x300.jpg 200w\" sizes=\"100vw\" \/>\t\t\t\t\t\t\t\t\t\t\t\t\t\t\t<\/div>\n\t\t\t\t<\/div>\n\t\t\t\t\t<\/div>\n\t\t<\/div>\n\t\t\t\t\t<\/div>\n\t\t<\/section>\n\t\t\t\t<section class=\"elementor-section elementor-top-section elementor-element elementor-element-afb9a85 elementor-section-boxed elementor-section-height-default elementor-section-height-default\" data-id=\"afb9a85\" data-element_type=\"section\" data-e-type=\"section\">\n\t\t\t\t\t\t<div class=\"elementor-container elementor-column-gap-default\">\n\t\t\t\t\t<div class=\"elementor-column elementor-col-100 elementor-top-column elementor-element elementor-element-a87a108\" data-id=\"a87a108\" data-element_type=\"column\" data-e-type=\"column\">\n\t\t\t<div class=\"elementor-widget-wrap elementor-element-populated\">\n\t\t\t\t\t\t<div class=\"elementor-element elementor-element-8a7f193 elementor-widget elementor-widget-text-editor\" data-id=\"8a7f193\" data-element_type=\"widget\" data-e-type=\"widget\" data-widget_type=\"text-editor.default\">\n\t\t\t\t<div class=\"elementor-widget-container\">\n\t\t\t\t\t\t\t\t\t<p><em>Sabine Greger<\/em><\/p>\t\t\t\t\t\t\t\t<\/div>\n\t\t\t\t<\/div>\n\t\t\t\t\t<\/div>\n\t\t<\/div>\n\t\t\t\t\t<\/div>\n\t\t<\/section>\n\t\t\t\t<section class=\"elementor-section elementor-top-section elementor-element elementor-element-d1628ee elementor-section-boxed elementor-section-height-default elementor-section-height-default\" data-id=\"d1628ee\" data-element_type=\"section\" data-e-type=\"section\">\n\t\t\t\t\t\t<div class=\"elementor-container elementor-column-gap-default\">\n\t\t\t\t\t<div class=\"elementor-column elementor-col-100 elementor-top-column elementor-element elementor-element-9874b93\" data-id=\"9874b93\" data-element_type=\"column\" data-e-type=\"column\">\n\t\t\t<div class=\"elementor-widget-wrap elementor-element-populated\">\n\t\t\t\t\t\t<div class=\"elementor-element elementor-element-247f76d elementor-widget elementor-widget-spacer\" data-id=\"247f76d\" data-element_type=\"widget\" data-e-type=\"widget\" data-widget_type=\"spacer.default\">\n\t\t\t\t<div class=\"elementor-widget-container\">\n\t\t\t\t\t\t\t<div class=\"elementor-spacer\">\n\t\t\t<div class=\"elementor-spacer-inner\"><\/div>\n\t\t<\/div>\n\t\t\t\t\t\t<\/div>\n\t\t\t\t<\/div>\n\t\t\t\t\t<\/div>\n\t\t<\/div>\n\t\t\t\t\t<\/div>\n\t\t<\/section>\n\t\t\t\t<\/div>\n\t\t","protected":false},"excerpt":{"rendered":"<p>Franz\u00f6sisch Warum Franz\u00f6sisch lernen? &#8211; Franz\u00f6sisch ist eine Weltsprache! Franz\u00f6sisch ist neben Englisch die zweite globale Verkehrssprache in unserer Welt. In \u00fcber 30 Staaten der Welt ist Franz\u00f6sisch Amtssprache. In vielen L\u00e4ndern \u2013 auch au\u00dferhalb Europas \u2013 kommt man am besten weiter, wenn man die Weltsprache Franz\u00f6sisch spricht. Denn 100 Millionen Menschen sind Muttersprachler in &hellip; <\/p>\n<p class=\"link-more\"><a href=\"https:\/\/nikolaus-kopernikus-gymnasium.de\/nkgweb\/index.php\/franzoesisch\/\" class=\"more-link\">Mehr <span class=\"screen-reader-text\">\u00fcber &#8222;Franz\u00f6sisch&#8220; <\/span>Lesen<\/a><\/p>\n","protected":false},"author":6,"featured_media":3446,"parent":0,"menu_order":0,"comment_status":"closed","ping_status":"closed","template":"","meta":{"inspiro_hide_title":false,"footnotes":""},"class_list":["post-3477","page","type-page","status-publish","has-post-thumbnail","hentry"],"_links":{"self":[{"href":"https:\/\/nikolaus-kopernikus-gymnasium.de\/nkgweb\/index.php\/wp-json\/wp\/v2\/pages\/3477","targetHints":{"allow":["GET"]}}],"collection":[{"href":"https:\/\/nikolaus-kopernikus-gymnasium.de\/nkgweb\/index.php\/wp-json\/wp\/v2\/pages"}],"about":[{"href":"https:\/\/nikolaus-kopernikus-gymnasium.de\/nkgweb\/index.php\/wp-json\/wp\/v2\/types\/page"}],"author":[{"embeddable":true,"href":"https:\/\/nikolaus-kopernikus-gymnasium.de\/nkgweb\/index.php\/wp-json\/wp\/v2\/users\/6"}],"replies":[{"embeddable":true,"href":"https:\/\/nikolaus-kopernikus-gymnasium.de\/nkgweb\/index.php\/wp-json\/wp\/v2\/comments?post=3477"}],"version-history":[{"count":16,"href":"https:\/\/nikolaus-kopernikus-gymnasium.de\/nkgweb\/index.php\/wp-json\/wp\/v2\/pages\/3477\/revisions"}],"predecessor-version":[{"id":3509,"href":"https:\/\/nikolaus-kopernikus-gymnasium.de\/nkgweb\/index.php\/wp-json\/wp\/v2\/pages\/3477\/revisions\/3509"}],"wp:featuredmedia":[{"embeddable":true,"href":"https:\/\/nikolaus-kopernikus-gymnasium.de\/nkgweb\/index.php\/wp-json\/wp\/v2\/media\/3446"}],"wp:attachment":[{"href":"https:\/\/nikolaus-kopernikus-gymnasium.de\/nkgweb\/index.php\/wp-json\/wp\/v2\/media?parent=3477"}],"curies":[{"name":"wp","href":"https:\/\/api.w.org\/{rel}","templated":true}]}}