{"id":3254,"date":"2024-01-25T10:40:46","date_gmt":"2024-01-25T09:40:46","guid":{"rendered":"https:\/\/nikolaus-kopernikus-gymnasium.de\/nkgweb\/?page_id=3254"},"modified":"2024-02-15T15:25:41","modified_gmt":"2024-02-15T14:25:41","slug":"wirtschaft-und-recht","status":"publish","type":"page","link":"https:\/\/nikolaus-kopernikus-gymnasium.de\/nkgweb\/index.php\/wirtschaft-und-recht\/","title":{"rendered":"Wirtschaft und Recht"},"content":{"rendered":"\t\t<div data-elementor-type=\"wp-page\" data-elementor-id=\"3254\" class=\"elementor elementor-3254\">\n\t\t\t\t\t\t<section class=\"elementor-section elementor-top-section elementor-element elementor-element-87e5281 elementor-section-boxed elementor-section-height-default elementor-section-height-default\" data-id=\"87e5281\" data-element_type=\"section\" data-e-type=\"section\">\n\t\t\t\t\t\t<div class=\"elementor-container elementor-column-gap-default\">\n\t\t\t\t\t<div class=\"elementor-column elementor-col-100 elementor-top-column elementor-element elementor-element-6c560b7\" data-id=\"6c560b7\" data-element_type=\"column\" data-e-type=\"column\">\n\t\t\t<div class=\"elementor-widget-wrap elementor-element-populated\">\n\t\t\t\t\t\t<div class=\"elementor-element elementor-element-1f51a33 elementor-widget elementor-widget-heading\" data-id=\"1f51a33\" data-element_type=\"widget\" data-e-type=\"widget\" data-widget_type=\"heading.default\">\n\t\t\t\t<div class=\"elementor-widget-container\">\n\t\t\t\t\t<h2 class=\"elementor-heading-title elementor-size-default\">Wirtschaft und Recht am Nikolaus-Kopernikus-Gymnasium<\/h2>\t\t\t\t<\/div>\n\t\t\t\t<\/div>\n\t\t\t\t\t<\/div>\n\t\t<\/div>\n\t\t\t\t\t<\/div>\n\t\t<\/section>\n\t\t\t\t<section class=\"elementor-section elementor-top-section elementor-element elementor-element-3dff431 elementor-section-boxed elementor-section-height-default elementor-section-height-default\" data-id=\"3dff431\" data-element_type=\"section\" data-e-type=\"section\">\n\t\t\t\t\t\t<div class=\"elementor-container elementor-column-gap-default\">\n\t\t\t\t\t<div class=\"elementor-column elementor-col-100 elementor-top-column elementor-element elementor-element-f08cbfa\" data-id=\"f08cbfa\" data-element_type=\"column\" data-e-type=\"column\">\n\t\t\t<div class=\"elementor-widget-wrap elementor-element-populated\">\n\t\t\t\t\t\t<div class=\"elementor-element elementor-element-6cdce17 elementor-widget__width-initial elementor-widget elementor-widget-text-editor\" data-id=\"6cdce17\" data-element_type=\"widget\" data-e-type=\"widget\" data-widget_type=\"text-editor.default\">\n\t\t\t\t<div class=\"elementor-widget-container\">\n\t\t\t\t\t\t\t\t\t<p>\u201cEine Investition in Wissen bringt noch immer die besten Zinsen.\u201d (Benjamin Franklin)<\/p><p>\u00d6konomisches Handeln ist wesentlicher Bestandteil unseres Zusammenlebens. Der Unterricht im Fach Wirtschaft und Recht bef\u00e4higt die Sch\u00fclerinnen und Sch\u00fcler, als m\u00fcndige B\u00fcrger in ihrem pers\u00f6nlichen Lebensumfeld selbstbestimmt \u00f6konomisch zu handeln, in der Gesellschaft wirtschaftliche sowie rechtliche Rahmenbedingungen mitzugestalten und solidarisch Verantwortung zu \u00fcbernehmen. Dazu erwerben die Sch\u00fclerinnen und Sch\u00fcler Kompetenzen, mit denen sie aus der Perspektive von Konsument, Arbeitnehmer, Unternehmer oder Staatsb\u00fcrger Problemstellungen analysieren, beurteilen und l\u00f6sen k\u00f6nnen.<\/p><p>Das im Fach Wirtschaft und Recht erworbene Strukturwissen erm\u00f6glicht es den Sch\u00fclerinnen und Sch\u00fclern, \u00f6konomisches Verhalten unterschiedlicher Akteure und wirtschaftliche Systemzusammenh\u00e4nge zu analysieren, rechtliche Rahmenbedingungen zu verstehen und vor diesem Hintergrund Konfliktsituationen aus verschiedenen Perspektiven zu beurteilen. In aktuellen, handlungsorientierten Szenarien wenden sie im Unterricht geeignete Erkl\u00e4rungsmodelle an und werden sich der durch M\u00e4rkte, Vertr\u00e4ge und Normen gesetzten Handlungsanreize bewusst. Sie reflektieren M\u00f6glichkeiten und Grenzen \u00f6konomischen Handelns in unserer Wirtschaftsordnung und der globalisierten Weltwirtschaft, entwickeln Perspektiven der eigenen Zukunftsgestaltung (z. B. durch die Auseinandersetzung mit der Arbeitswelt und der Globalisierung) und \u00fcbernehmen auch Verantwortung f\u00fcr andere (z. B. durch nachhaltiges Wirtschaften).<\/p><p>Am Nikolaus-Kopernikus-Gymnasium wird Wirtschaft und Recht in den Jahrgangsstufen 10 und 11 mit jeweils zwei Wochenstunden unterrichtet. In den Jahrgangsstufen 12 und 13 kann das Fach im grundlegendes Anforderungsniveau mit zwei Wochenstunden oder im erh\u00f6hten Anforderungsniveau (Leistungsfach) mit vier Wochenstunden belegt werden.<\/p>\t\t\t\t\t\t\t\t<\/div>\n\t\t\t\t<\/div>\n\t\t\t\t\t<\/div>\n\t\t<\/div>\n\t\t\t\t\t<\/div>\n\t\t<\/section>\n\t\t\t\t<section class=\"elementor-section elementor-top-section elementor-element elementor-element-17b41e3 elementor-section-boxed elementor-section-height-default elementor-section-height-default\" data-id=\"17b41e3\" data-element_type=\"section\" data-e-type=\"section\">\n\t\t\t\t\t\t<div class=\"elementor-container elementor-column-gap-default\">\n\t\t\t\t\t<div class=\"elementor-column elementor-col-100 elementor-top-column elementor-element elementor-element-e7fbbc4\" data-id=\"e7fbbc4\" data-element_type=\"column\" data-e-type=\"column\">\n\t\t\t<div class=\"elementor-widget-wrap elementor-element-populated\">\n\t\t\t\t\t\t<div class=\"elementor-element elementor-element-3c3e085 elementor-widget elementor-widget-text-editor\" data-id=\"3c3e085\" data-element_type=\"widget\" data-e-type=\"widget\" data-widget_type=\"text-editor.default\">\n\t\t\t\t<div class=\"elementor-widget-container\">\n\t\t\t\t\t\t\t\t\t<p><strong>Unsere Wirtschaftslehrer: <\/strong>Birgit Schuhmacher und David Anich<\/p>\t\t\t\t\t\t\t\t<\/div>\n\t\t\t\t<\/div>\n\t\t\t\t\t<\/div>\n\t\t<\/div>\n\t\t\t\t\t<\/div>\n\t\t<\/section>\n\t\t\t\t<section class=\"elementor-section elementor-top-section elementor-element elementor-element-c3581e5 elementor-section-boxed elementor-section-height-default elementor-section-height-default\" data-id=\"c3581e5\" data-element_type=\"section\" data-e-type=\"section\">\n\t\t\t\t\t\t<div class=\"elementor-container elementor-column-gap-default\">\n\t\t\t\t\t<div class=\"elementor-column elementor-col-100 elementor-top-column elementor-element elementor-element-beb7173\" data-id=\"beb7173\" data-element_type=\"column\" data-e-type=\"column\">\n\t\t\t<div class=\"elementor-widget-wrap elementor-element-populated\">\n\t\t\t\t\t\t<div class=\"elementor-element elementor-element-c54f65d elementor-widget elementor-widget-image-gallery\" data-id=\"c54f65d\" data-element_type=\"widget\" data-e-type=\"widget\" data-widget_type=\"image-gallery.default\">\n\t\t\t\t<div class=\"elementor-widget-container\">\n\t\t\t\t\t\t\t<div class=\"elementor-image-gallery\">\n\t\t\t<div id='gallery-1' class='gallery galleryid-3254 gallery-columns-3 gallery-size-medium_large'><figure class='gallery-item'>\n\t\t\t<div class='gallery-icon landscape'>\n\t\t\t\t<img fetchpriority=\"high\" decoding=\"async\" width=\"768\" height=\"512\" src=\"https:\/\/nikolaus-kopernikus-gymnasium.de\/nkgweb\/wp-content\/uploads\/Bild-Wirtschaft-Containerschiff.jpg\" class=\"attachment-medium_large size-medium_large\" alt=\"\" srcset=\"https:\/\/nikolaus-kopernikus-gymnasium.de\/nkgweb\/wp-content\/uploads\/Bild-Wirtschaft-Containerschiff.jpg 1280w, https:\/\/nikolaus-kopernikus-gymnasium.de\/nkgweb\/wp-content\/uploads\/Bild-Wirtschaft-Containerschiff-300x200.jpg 300w, https:\/\/nikolaus-kopernikus-gymnasium.de\/nkgweb\/wp-content\/uploads\/Bild-Wirtschaft-Containerschiff-1024x683.jpg 1024w\" sizes=\"100vw\" \/>\n\t\t\t<\/div><\/figure><figure class='gallery-item'>\n\t\t\t<div class='gallery-icon landscape'>\n\t\t\t\t<img decoding=\"async\" width=\"768\" height=\"458\" src=\"https:\/\/nikolaus-kopernikus-gymnasium.de\/nkgweb\/wp-content\/uploads\/Bild-Wirtschaft-Konsum.jpg\" class=\"attachment-medium_large size-medium_large\" alt=\"\" srcset=\"https:\/\/nikolaus-kopernikus-gymnasium.de\/nkgweb\/wp-content\/uploads\/Bild-Wirtschaft-Konsum.jpg 1280w, https:\/\/nikolaus-kopernikus-gymnasium.de\/nkgweb\/wp-content\/uploads\/Bild-Wirtschaft-Konsum-300x179.jpg 300w, https:\/\/nikolaus-kopernikus-gymnasium.de\/nkgweb\/wp-content\/uploads\/Bild-Wirtschaft-Konsum-1024x611.jpg 1024w\" sizes=\"100vw\" \/>\n\t\t\t<\/div><\/figure><figure class='gallery-item'>\n\t\t\t<div class='gallery-icon landscape'>\n\t\t\t\t<img decoding=\"async\" width=\"768\" height=\"512\" src=\"https:\/\/nikolaus-kopernikus-gymnasium.de\/nkgweb\/wp-content\/uploads\/Bild-Wirtschaft-justicia.jpg\" class=\"attachment-medium_large size-medium_large\" alt=\"\" srcset=\"https:\/\/nikolaus-kopernikus-gymnasium.de\/nkgweb\/wp-content\/uploads\/Bild-Wirtschaft-justicia.jpg 1280w, https:\/\/nikolaus-kopernikus-gymnasium.de\/nkgweb\/wp-content\/uploads\/Bild-Wirtschaft-justicia-300x200.jpg 300w, https:\/\/nikolaus-kopernikus-gymnasium.de\/nkgweb\/wp-content\/uploads\/Bild-Wirtschaft-justicia-1024x682.jpg 1024w\" sizes=\"100vw\" \/>\n\t\t\t<\/div><\/figure>\n\t\t<\/div>\n\t\t<\/div>\n\t\t\t\t\t\t<\/div>\n\t\t\t\t<\/div>\n\t\t\t\t\t<\/div>\n\t\t<\/div>\n\t\t\t\t\t<\/div>\n\t\t<\/section>\n\t\t\t\t<section class=\"elementor-section elementor-top-section elementor-element elementor-element-01e3928 elementor-section-boxed elementor-section-height-default elementor-section-height-default\" data-id=\"01e3928\" data-element_type=\"section\" data-e-type=\"section\">\n\t\t\t\t\t\t<div class=\"elementor-container elementor-column-gap-default\">\n\t\t\t\t\t<div class=\"elementor-column elementor-col-100 elementor-top-column elementor-element elementor-element-943cbb4\" data-id=\"943cbb4\" data-element_type=\"column\" data-e-type=\"column\">\n\t\t\t<div class=\"elementor-widget-wrap\">\n\t\t\t\t\t\t\t<\/div>\n\t\t<\/div>\n\t\t\t\t\t<\/div>\n\t\t<\/section>\n\t\t\t\t<section class=\"elementor-section elementor-top-section elementor-element elementor-element-70d731f elementor-section-boxed elementor-section-height-default elementor-section-height-default\" data-id=\"70d731f\" data-element_type=\"section\" data-e-type=\"section\">\n\t\t\t\t\t\t<div class=\"elementor-container elementor-column-gap-default\">\n\t\t\t\t\t<div class=\"elementor-column elementor-col-100 elementor-top-column elementor-element elementor-element-d316893\" data-id=\"d316893\" data-element_type=\"column\" data-e-type=\"column\">\n\t\t\t<div class=\"elementor-widget-wrap elementor-element-populated\">\n\t\t\t\t\t\t<div class=\"elementor-element elementor-element-fa8a38d elementor-widget elementor-widget-image-gallery\" data-id=\"fa8a38d\" data-element_type=\"widget\" data-e-type=\"widget\" data-widget_type=\"image-gallery.default\">\n\t\t\t\t<div class=\"elementor-widget-container\">\n\t\t\t\t\t\t\t<div class=\"elementor-image-gallery\">\n\t\t\t<div id='gallery-2' class='gallery galleryid-3254 gallery-columns-3 gallery-size-medium'><figure class='gallery-item'>\n\t\t\t<div class='gallery-icon landscape'>\n\t\t\t\t<img loading=\"lazy\" decoding=\"async\" width=\"300\" height=\"300\" src=\"https:\/\/nikolaus-kopernikus-gymnasium.de\/nkgweb\/wp-content\/uploads\/JG-Partnerschule-Logo-300x300.png\" class=\"attachment-medium size-medium\" alt=\"\" aria-describedby=\"gallery-2-848\" srcset=\"https:\/\/nikolaus-kopernikus-gymnasium.de\/nkgweb\/wp-content\/uploads\/JG-Partnerschule-Logo-300x300.png 300w, https:\/\/nikolaus-kopernikus-gymnasium.de\/nkgweb\/wp-content\/uploads\/JG-Partnerschule-Logo-150x150.png 150w, https:\/\/nikolaus-kopernikus-gymnasium.de\/nkgweb\/wp-content\/uploads\/JG-Partnerschule-Logo.png 483w\" sizes=\"100vw\" \/>\n\t\t\t<\/div>\n\t\t\t\t<figcaption class='wp-caption-text gallery-caption' id='gallery-2-848'>\n\t\t\t\tJugend gr\u00fcndet\n\t\t\t\t<\/figcaption><\/figure>\n\t\t<\/div>\n\t\t<\/div>\n\t\t\t\t\t\t<\/div>\n\t\t\t\t<\/div>\n\t\t\t\t\t<\/div>\n\t\t<\/div>\n\t\t\t\t\t<\/div>\n\t\t<\/section>\n\t\t\t\t<\/div>\n\t\t","protected":false},"excerpt":{"rendered":"<p>Wirtschaft und Recht am Nikolaus-Kopernikus-Gymnasium \u201cEine Investition in Wissen bringt noch immer die besten Zinsen.\u201d (Benjamin Franklin) \u00d6konomisches Handeln ist wesentlicher Bestandteil unseres Zusammenlebens. Der Unterricht im Fach Wirtschaft und Recht bef\u00e4higt die Sch\u00fclerinnen und Sch\u00fcler, als m\u00fcndige B\u00fcrger in ihrem pers\u00f6nlichen Lebensumfeld selbstbestimmt \u00f6konomisch zu handeln, in der Gesellschaft wirtschaftliche sowie rechtliche Rahmenbedingungen mitzugestalten &hellip; <\/p>\n<p class=\"link-more\"><a href=\"https:\/\/nikolaus-kopernikus-gymnasium.de\/nkgweb\/index.php\/wirtschaft-und-recht\/\" class=\"more-link\">Mehr <span class=\"screen-reader-text\">\u00fcber &#8222;Wirtschaft und Recht&#8220; <\/span>Lesen<\/a><\/p>\n","protected":false},"author":6,"featured_media":3250,"parent":0,"menu_order":0,"comment_status":"closed","ping_status":"closed","template":"","meta":{"inspiro_hide_title":false,"footnotes":""},"class_list":["post-3254","page","type-page","status-publish","has-post-thumbnail","hentry"],"_links":{"self":[{"href":"https:\/\/nikolaus-kopernikus-gymnasium.de\/nkgweb\/index.php\/wp-json\/wp\/v2\/pages\/3254","targetHints":{"allow":["GET"]}}],"collection":[{"href":"https:\/\/nikolaus-kopernikus-gymnasium.de\/nkgweb\/index.php\/wp-json\/wp\/v2\/pages"}],"about":[{"href":"https:\/\/nikolaus-kopernikus-gymnasium.de\/nkgweb\/index.php\/wp-json\/wp\/v2\/types\/page"}],"author":[{"embeddable":true,"href":"https:\/\/nikolaus-kopernikus-gymnasium.de\/nkgweb\/index.php\/wp-json\/wp\/v2\/users\/6"}],"replies":[{"embeddable":true,"href":"https:\/\/nikolaus-kopernikus-gymnasium.de\/nkgweb\/index.php\/wp-json\/wp\/v2\/comments?post=3254"}],"version-history":[{"count":19,"href":"https:\/\/nikolaus-kopernikus-gymnasium.de\/nkgweb\/index.php\/wp-json\/wp\/v2\/pages\/3254\/revisions"}],"predecessor-version":[{"id":3540,"href":"https:\/\/nikolaus-kopernikus-gymnasium.de\/nkgweb\/index.php\/wp-json\/wp\/v2\/pages\/3254\/revisions\/3540"}],"wp:featuredmedia":[{"embeddable":true,"href":"https:\/\/nikolaus-kopernikus-gymnasium.de\/nkgweb\/index.php\/wp-json\/wp\/v2\/media\/3250"}],"wp:attachment":[{"href":"https:\/\/nikolaus-kopernikus-gymnasium.de\/nkgweb\/index.php\/wp-json\/wp\/v2\/media?parent=3254"}],"curies":[{"name":"wp","href":"https:\/\/api.w.org\/{rel}","templated":true}]}}